{"id":20,"date":"2025-12-02T11:55:39","date_gmt":"2025-12-02T14:55:39","guid":{"rendered":"https:\/\/ams.mutual.ar\/?page_id=20"},"modified":"2026-01-29T09:56:50","modified_gmt":"2026-01-29T12:56:50","slug":"contacto","status":"publish","type":"page","link":"https:\/\/ams.mutual.ar\/index.php\/contacto\/","title":{"rendered":"Contacto"},"content":{"rendered":"\t\t<div data-elementor-type=\"wp-page\" data-elementor-id=\"20\" class=\"elementor elementor-20\" data-elementor-post-type=\"page\">\n\t\t\t\t<div class=\"elementor-element elementor-element-85fb2fe e-con-full e-flex e-con e-parent\" data-id=\"85fb2fe\" data-element_type=\"container\" data-settings=\"{&quot;background_background&quot;:&quot;gradient&quot;}\">\n\t\t\t\t<div class=\"elementor-element elementor-element-ad17845 elementor-widget-mobile__width-initial elementor-widget elementor-widget-html\" data-id=\"ad17845\" data-element_type=\"widget\" data-widget_type=\"html.default\">\n\t\t\t\t<div class=\"elementor-widget-container\">\n\t\t\t\t\t<section class=\"ams-form-section\">\r\n  <div class=\"ams-form-container\">\r\n\r\n    <h2 class=\"ams-form-title\">Solicitud de Adhesi\u00f3n<\/h2>\r\n\r\n    <p class=\"ams-form-intro\">\r\n      Complet\u00e1 el siguiente formulario para iniciar tu solicitud de adhesi\u00f3n a la\r\n      <strong>Asociaci\u00f3n Mutual Sulfacid<\/strong>.\r\n    <\/p>\r\n\r\n    <form class=\"ams-form\" method=\"post\" action=\"\">\r\n\r\n      <div class=\"ams-form-grid\">\r\n        <input type=\"text\" name=\"nombre\" placeholder=\"Nombre\" required>\r\n        <input type=\"text\" name=\"apellido\" placeholder=\"Apellido\" required>\r\n\r\n        <input type=\"text\" name=\"dni\" placeholder=\"DNI\" required>\r\n        <input type=\"email\" name=\"email\" placeholder=\"Correo electr\u00f3nico\" required>\r\n\r\n        <input type=\"tel\" name=\"telefono\" placeholder=\"N\u00famero de tel\u00e9fono\" required>\r\n        <input type=\"text\" name=\"domicilio\" placeholder=\"Domicilio\" required>\r\n      <\/div>\r\n\r\n      <div class=\"ams-form-options\">\r\n        <span>Tipo de afiliaci\u00f3n<\/span>\r\n\r\n        <label>\r\n          <input type=\"radio\" name=\"aporte\" value=\"Sin aportes\" checked>\r\n          Sin aportes\r\n        <\/label>\r\n\r\n        <label>\r\n          <input type=\"radio\" name=\"aporte\" value=\"Con aportes\">\r\n          Con aportes\r\n        <\/label>\r\n      <\/div>\r\n\r\n      <input type=\"hidden\" name=\"ams_form_submit\" value=\"1\">\r\n\r\n      <button type=\"submit\" class=\"ams-form-btn\">\r\n        Enviar solicitud\r\n      <\/button>\r\n\r\n    <\/form>\r\n\r\n    <div class=\"ams-plan-legend\">\r\n      Plan Promocional $45.000.-<br>\r\n      <span>(para cuatro personas: dos mayores y dos menores)<\/span>\r\n    <\/div>\r\n\r\n  <\/div>\r\n<\/section>\r\n\t\t\t\t<\/div>\n\t\t\t\t<\/div>\n\t\t\t\t<\/div>\n\t\t\t\t<\/div>\n\t\t","protected":false},"excerpt":{"rendered":"<p>Solicitud de Adhesi\u00f3n Complet\u00e1 el siguiente formulario para iniciar tu solicitud de adhesi\u00f3n a la Asociaci\u00f3n Mutual Sulfacid. Tipo de [&hellip;]<\/p>\n","protected":false},"author":1,"featured_media":0,"parent":0,"menu_order":0,"comment_status":"closed","ping_status":"closed","template":"elementor_header_footer","meta":{"site-sidebar-layout":"no-sidebar","site-content-layout":"","ast-site-content-layout":"full-width-container","site-content-style":"default","site-sidebar-style":"default","ast-global-header-display":"","ast-banner-title-visibility":"","ast-main-header-display":"","ast-hfb-above-header-display":"","ast-hfb-below-header-display":"","ast-hfb-mobile-header-display":"","site-post-title":"","ast-breadcrumbs-content":"","ast-featured-img":"disabled","footer-sml-layout":"","theme-transparent-header-meta":"","adv-header-id-meta":"","stick-header-meta":"","header-above-stick-meta":"","header-main-stick-meta":"","header-below-stick-meta":"","astra-migrate-meta-layouts":"default","ast-page-background-enabled":"default","ast-page-background-meta":{"desktop":{"background-color":"var(--ast-global-color-4)","background-image":"","background-repeat":"repeat","background-position":"center center","background-size":"auto","background-attachment":"scroll","background-type":"","background-media":"","overlay-type":"","overlay-color":"","overlay-opacity":"","overlay-gradient":""},"tablet":{"background-color":"","background-image":"","background-repeat":"repeat","background-position":"center center","background-size":"auto","background-attachment":"scroll","background-type":"","background-media":"","overlay-type":"","overlay-color":"","overlay-opacity":"","overlay-gradient":""},"mobile":{"background-color":"","background-image":"","background-repeat":"repeat","background-position":"center center","background-size":"auto","background-attachment":"scroll","background-type":"","background-media":"","overlay-type":"","overlay-color":"","overlay-opacity":"","overlay-gradient":""}},"ast-content-background-meta":{"desktop":{"background-color":"var(--ast-global-color-5)","background-image":"","background-repeat":"repeat","background-position":"center center","background-size":"auto","background-attachment":"scroll","background-type":"","background-media":"","overlay-type":"","overlay-color":"","overlay-opacity":"","overlay-gradient":""},"tablet":{"background-color":"var(--ast-global-color-5)","background-image":"","background-repeat":"repeat","background-position":"center center","background-size":"auto","background-attachment":"scroll","background-type":"","background-media":"","overlay-type":"","overlay-color":"","overlay-opacity":"","overlay-gradient":""},"mobile":{"background-color":"var(--ast-global-color-5)","background-image":"","background-repeat":"repeat","background-position":"center center","background-size":"auto","background-attachment":"scroll","background-type":"","background-media":"","overlay-type":"","overlay-color":"","overlay-opacity":"","overlay-gradient":""}},"_joinchat":[],"footnotes":""},"class_list":["post-20","page","type-page","status-publish","hentry"],"_links":{"self":[{"href":"https:\/\/ams.mutual.ar\/index.php\/wp-json\/wp\/v2\/pages\/20","targetHints":{"allow":["GET"]}}],"collection":[{"href":"https:\/\/ams.mutual.ar\/index.php\/wp-json\/wp\/v2\/pages"}],"about":[{"href":"https:\/\/ams.mutual.ar\/index.php\/wp-json\/wp\/v2\/types\/page"}],"author":[{"embeddable":true,"href":"https:\/\/ams.mutual.ar\/index.php\/wp-json\/wp\/v2\/users\/1"}],"replies":[{"embeddable":true,"href":"https:\/\/ams.mutual.ar\/index.php\/wp-json\/wp\/v2\/comments?post=20"}],"version-history":[{"count":10,"href":"https:\/\/ams.mutual.ar\/index.php\/wp-json\/wp\/v2\/pages\/20\/revisions"}],"predecessor-version":[{"id":712,"href":"https:\/\/ams.mutual.ar\/index.php\/wp-json\/wp\/v2\/pages\/20\/revisions\/712"}],"wp:attachment":[{"href":"https:\/\/ams.mutual.ar\/index.php\/wp-json\/wp\/v2\/media?parent=20"}],"curies":[{"name":"wp","href":"https:\/\/api.w.org\/{rel}","templated":true}]}}